of 123?
False
Is 92 a factor of 3625?
False
Does 25 divide 665?
False
Is 41 a multiple of 2?
False
Is 96 a factor of 43552?
False
Is 38 a factor of 2128?
True
Is 11 a factor of 110?
True
Is 4902 a multiple of 13?
False
Does 48 divide 52996?
False
Is 1442 a multiple of 5?
False
Is 25 a factor of 14111?
False
Is 6 a factor of 972?
True
Does 136 divide 8477?
False
Does 73 divide 1284?
False
Does 28 divide 4112?
False
Does 142 divide 14487?
False
Does 37 divide 3830?
False
Does 43 divide 1161?
True
Is 5110 a multiple of 5?
True
Is 14486 a multiple of 18?
False
Is 63 a factor of 498?
False
Is 9450 a multiple of 126?
True
Does 27 divide 540?
True
Is 20 a factor of 381?
False
Is 32 a factor of 64352?
True
Does 20 divide 100?
True
Is 31980 a multiple of 205?
True
Does 14 divide 4692?
False
Does 7 divide 26025?
False
Is 704 a multiple of 5?
False
Is 12 a factor of 868?
False
Does 122 divide 26108?
True
Does 47 divide 41642?
True
Is 104 a factor of 1405?
False
Does 49 divide 1338?
False
Does 6 divide 4674?
True
Does 9 divide 718?
False
Is 51 a factor of 768?
False
Is 95 a factor of 1603?
False
Does 85 divide 566?
False
Is 5488 a multiple of 14?
True
Is 138 a multiple of 21?
False
Is 52309 a multiple of 192?
False
Is 5964 a multiple of 14?
True
Does 14 divide 946?
False
Does 21 divide 7187?
False
Does 255 divide 255?
True
Does 22 divide 88000?
True
Does 96 divide 384?
True
Does 138 divide 25700?
False
Does 21 divide 399?
True
Is 72 a factor of 681?
False
Is 477 a multiple of 9?
True
Is 2146 a multiple of 58?
True
Is 10244 a multiple of 197?
True
Does 51 divide 1071?
True
Is 115 a multiple of 4?
False
Is 22689 a multiple of 3?
True
Is 4882 a multiple of 22?
False
Is 1768 a multiple of 68?
True
Does 50 divide 20950?
True
Is 2 a factor of 2010?
True
Is 9084 a multiple of 38?
False
Is 13732 a multiple of 27?
False
Does 11 divide 6446?
True
Does 10 divide 2120?
True
Is 6 a factor of 1734?
True
Is 9288 a multiple of 37?
False
Does 8 divide 68?
False
Is 4 a factor of 352?
True
Does 9 divide 10049?
False
Does 9 divide 1581?
False
Is 84 a factor of 1260?
True
Does 179 divide 8492?
False
Is 252 a multiple of 9?
True
Does 16 divide 1848?
False
Is 13 a factor of 5863?
True
Is 3096 a multiple of 36?
True
Is 2680 a multiple of 40?
True
Does 9 divide 6330?
False
Is 510 a multiple of 51?
True
Is 12 a factor of 33096?
True
Is 9930 a multiple of 130?
False
Is 38 a factor of 3838?
True
Is 10853 a multiple of 34?
False
Is 2414 a multiple of 17?
True
Does 316 divide 25023?
False
Is 124 a factor of 992?
True
Is 288 a multiple of 17?
False
Is 82 a multiple of 9?
False
Is 52403 a multiple of 126?
False
Is 13 a factor of 3980?
False
Is 65 a factor of 317?
False
Is 70 a factor of 9235?
False
Does 5 divide 3755?
True
Is 1368 a multiple of 114?
True
Is 11 a factor of 347?
False
Is 16 a factor of 4336?
True
Is 17169 a multiple of 29?
False
Is 2409 a multiple of 44?
False
Is 69 a factor of 12420?
True
Is 11 a factor of 4521?
True
Is 25 a factor of 1104?
False
Is 14 a factor of 504?
True
Does 18 divide 3392?
False
Is 4884 a multiple of 132?
True
Is 25 a factor of 2975?
True
Does 37 divide 12728?
True
Is 24 a factor of 480?
True
Does 119 divide 3397?
False
Is 4 a factor of 21?
False
Is 23500 a multiple of 10?
True
Is 12 a factor of 3222?
False
Is 6 a factor of 4362?
True
Is 2926 a multiple of 45?
False
Does 29 divide 1938?
False
Is 54 a factor of 8586?
True
Is 1296 a multiple of 9?
True
Is 3571 a multiple of 12?
False
Is 26 a factor of 28322?
False
Is 8863 a multiple of 8?
False
Does 58 divide 12238?
True
Is 118108 a multiple of 33?
False
Does 18 divide 3690?
True
Is 874 a multiple of 23?
True
Is 22 a factor of 8338?
True
Is 3751 a multiple of 21?
False
Is 8 a factor of 40?
True
Is 8 a factor of 597?
False
Is 1367 a multiple of 12?
False
Does 3 divide 868?
False
Is 12 a factor of 13237?
False
Is 1079 a multiple of 16?
False
Is 12 a factor of 10692?
True
Does 2 divide 19073?
False
Is 98 a factor of 15092?
True
Is 11 a factor of 1531?
False
Is 107028 a multiple of 9?
True
Does 23 divide 85?
False
Is 1474 a multiple of 186?
False
Is 1615 a multiple of 71?
False
Is 20994 a multiple of 67?
False
Does 22 divide 44?
True
Is 2719 a multiple of 45?
False
Is 92 a factor of 460?
True
Is 40 a factor of 9040?
True
Is 14 a factor of 9234?
False
Does 3 divide 316?
False
Is 110 a multiple of 22?
True
Does 34 divide 577?
False
Does 19 divide 28368?
False
Is 237 a multiple of 79?
True
Is 15 a factor of 74327?
False
Is 13 a factor of 17680?
True
Does 23 divide 2254?
True
Does 125 divide 2875?
True
Is 41780 a multiple of 58?
False
Does 32 divide 1600?
True
Is 8370 a multiple of 10?
True
Is 18 a multiple of 18?
True
Is 73 a factor of 12118?
True
Is 7154 a multiple of 7?
True
Is 8 a factor of 8190?
False
Is 186 a factor of 16808?
False
Is 4546 a multiple of 56?
False
Does 34 divide 136?
True
Does 2 divide 138?
True
Is 10 a factor of 1297?
False
Is 18796 a multiple of 4?
True
Is 173 a multiple of 4?
False
Is 19 a factor of 64849?
False
Is 12 a factor of 3720?
True
Is 161 a multiple of 15?
False
Is 66 a factor of 1667?
False
Does 2 divide 130?
True
Is 40 a factor of 1175?
False
Is 114 a factor of 39558?
True
Is 8 a factor of 24?
True
Is 116 a multiple of 7?
False
Does 53 divide 2135?
False
Is 22800 a multiple of 15?
True
Does 13 divide 12974?
True
Is 308 a multiple of 7?
True
Is 3366 a multiple of 17?
True
Is 4825 a multiple of 8?
False
Does 163 divide 118538?
False
Does 7 divide 1130?
False
Is 1500 a multiple of 50?
True
Is 63 a factor of 1246?
False
Is 1287 a multiple of 35?
False
Does 44 divide 3464?
False
Does 24 divide 1765?
False
Is 2987 a multiple of 9?
False
Does 24 divide 33840?
True
Does 14 divide 6885?
False
Is 3417 a multiple of 51?
True
Does 24 divide 150072?
True
Is 2099 a multiple of 6?
False
Does 8 divide 158?
False
Is 15 a factor of 688?
False
Is 51072 a multiple of 19?
True
Is 76 a factor of 1140?
True
Is 30 a factor of 4002?
False
Is 6 a factor of 132?
True
Does 60 divide 101?
False
Does 21 divide 1278?
False
Is 974 a multiple of 70?
False
Is 19 a factor of 15659?
False
Is 13 a factor of 6949?
False
Is 135 a multiple of 45?
True
Is 16 a factor of 30432?
True
Does 34 divide 1768?
True
Does 54 divide 897?
False
Does 20 divide 22242?
False
Is 13 a factor of 738?
False
Is 25296 a multiple of 12?
True
Is 2106 a multiple of 78?
True
Is 13 a factor of 5005?
True
Does 25 divide 17783?
False
Is 3791 a multiple of 108?
False
Is 4664 a multiple of 54?
False
Is 32 a factor of 8032?
True
Does 15 divide 1440?
True
Is 324 a multiple of 9?
True
Is 10 a factor of 50?
True
Is 28 a factor of 952?
True
Does 111 divide 113829?
False
Does 28 divide 672?
True
Is 165 a multiple of 2?
False
Is 1395 a multiple of 45?
True
Does 71 divide 3191?
False
Does 38 divide 8119?
False
Is 48330 a multiple of 54?
True
Is 19 a factor of 893?
True
Is 15 a factor of 6321?
False
Is 16722 a multiple of 9?
True
Is 7 a factor of 1136?
False
Is 11 a factor of 913?
True
Is 29 a multiple of 15?
False
Does 4 divide 2372?
True
Is 6 a factor of 13026?
True
Is 4316 a multiple of 83?
True
Is 792 a multiple of 33?
True
Is 2081 a multiple of 35?
False
Does 7 divide 5700?
False
Does 11 divide 565?
False
Is 22995 a multiple of 105?
True
Is 33 a factor of 4594?
False
Is 71 a multiple of 3?
False
Is 1050 a multiple of 61?
False
Is 15 a factor of 533?
False
Is 14 a factor of 3234?
True
Is 13 a factor of 282?
False
Does 20 divide 795?
False
Is 90 a factor of 8820?
True
Is 9 a factor of 323?
False
Does 9 divide 38140?
False
Does 12 divide 23320?
False
Is 2023 a multiple of 13?
False
Is 39 a factor of 3120?
True
Does 9 divide 14186?
False
Does 6 divide 778?
False
Is 21 a factor of 3927?
True
Is 16986 a multiple of 114?
True
Is 28 a factor of 44884?
True
Is 100 a factor of 18800?
True
Is 67 a factor of 536?
True
Is 435 a multiple of 29?
True
Does 9 divide 385?
False
Is 17098 a multiple of 83?
True
Does 78 divide 8386?
False
Does 9 divide 522?
True
Is 28 a factor of 3019?
False
Is 1060 a multiple of 4?
True
Is 18 a factor of 792?
True
Is 4352 a multiple of 13?
False
Is 1101 a multiple of 63?
False
Is 10 a factor of 832?
False
Is 13 a factor of 30096?
False
Is 14 a factor of 3037?
False
Is 13 a factor of 2487?
False
Is 1108 a multiple of 34?
False
Is